Jun 03 19:45:50.105075 np0041006286 systemd[1]: Starting devstack@g-api.service - Devstack devstack@g-api.service...
Jun 03 19:45:50.112304 np0041006286 devstack@g-api.service[73759]: [uWSGI] getting INI configuration from /etc/glance/glance-uwsgi.ini
Jun 03 19:45:50.117248 np0041006286 devstack@g-api.service[73759]: *** Starting uWSGI 2.0.24-debian (64bit) on [Tue Jun 3 19:45:50 2025] ***
Jun 03 19:45:50.117248 np0041006286 devstack@g-api.service[73759]: compiled with version: 13.2.0 on 17 April 2024 16:23:48
Jun 03 19:45:50.117248 np0041006286 devstack@g-api.service[73759]: os: Linux-6.8.0-60-generic #63-Ubuntu SMP PREEMPT_DYNAMIC Tue Apr 15 19:04:15 UTC 2025
Jun 03 19:45:50.117248 np0041006286 devstack@g-api.service[73759]: nodename: np0041006286
Jun 03 19:45:50.117248 np0041006286 devstack@g-api.service[73759]: machine: x86_64
Jun 03 19:45:50.117248 np0041006286 devstack@g-api.service[73759]: clock source: unix
Jun 03 19:45:50.117248 np0041006286 devstack@g-api.service[73759]: pcre jit disabled
Jun 03 19:45:50.117248 np0041006286 devstack@g-api.service[73759]: detected number of CPU cores: 8
Jun 03 19:45:50.117248 np0041006286 devstack@g-api.service[73759]: current working directory: /
Jun 03 19:45:50.117248 np0041006286 devstack@g-api.service[73759]: detected binary path: /usr/bin/uwsgi-core
Jun 03 19:45:50.117248 np0041006286 devstack@g-api.service[73759]: your processes number limit is 30727
Jun 03 19:45:50.117248 np0041006286 devstack@g-api.service[73759]: your memory page size is 4096 bytes
Jun 03 19:45:50.117248 np0041006286 devstack@g-api.service[73759]: detected max file descriptor number: 2048
Jun 03 19:45:50.117248 np0041006286 devstack@g-api.service[73759]: lock engine: pthread robust mutexes
Jun 03 19:45:50.117692 np0041006286 devstack@g-api.service[73759]: thunder lock: enabled
Jun 03 19:45:50.117692 np0041006286 devstack@g-api.service[73759]: uwsgi socket 0 bound to TCP address 127.0.0.1:60999 fd 4
Jun 03 19:45:50.117773 np0041006286 devstack@g-api.service[73759]: Python version: 3.12.3 (main, Feb 4 2025, 14:48:35) [GCC 13.3.0]
Jun 03 19:45:50.117773 np0041006286 devstack@g-api.service[73759]: PEP 405 virtualenv detected: /opt/stack/data/venv
Jun 03 19:45:50.117773 np0041006286 devstack@g-api.service[73759]: Set PythonHome to /opt/stack/data/venv
Jun 03 19:45:50.169689 np0041006286 devstack@g-api.service[73759]: Python main interpreter initialized at 0x73ca9b0a2f68
Jun 03 19:45:50.169689 np0041006286 devstack@g-api.service[73759]: python threads support enabled
Jun 03 19:45:50.169689 np0041006286 devstack@g-api.service[73759]: your server socket listen backlog is limited to 100 connections
Jun 03 19:45:50.169689 np0041006286 devstack@g-api.service[73759]: your mercy for graceful operations on workers is 80 seconds
Jun 03 19:45:50.170176 np0041006286 devstack@g-api.service[73759]: mapped 403077 bytes (393 KB) for 2 cores
Jun 03 19:45:50.170336 np0041006286 devstack@g-api.service[73759]: *** Operational MODE: preforking ***
Jun 03 19:45:50.170665 np0041006286 devstack@g-api.service[73759]: *** uWSGI is running in multiple interpreter mode ***
Jun 03 19:45:50.170665 np0041006286 devstack@g-api.service[73759]: spawned uWSGI master process (pid: 73759)
Jun 03 19:45:50.170883 np0041006286 systemd[1]: Started devstack@g-api.service - Devstack devstack@g-api.service.
Jun 03 19:45:50.172607 np0041006286 devstack@g-api.service[73759]: spawned uWSGI worker 1 (pid: 73772, cores: 1)
Jun 03 19:45:50.172607 np0041006286 devstack@g-api.service[73759]: spawned uWSGI worker 2 (pid: 73773, cores: 1)
Jun 03 19:45:50.172607 np0041006286 devstack@g-api.service[73759]: running "unix_signal:15 gracefully_kill_them_all" (master-start)...
Jun 03 19:45:51.475009 np0041006286 devstack@g-api.service[73773]: INFO glance.async_ [-] Threadpool model set to 'NativeThreadPoolModel'
Jun 03 19:45:51.509847 np0041006286 devstack@g-api.service[73772]: INFO glance.async_ [-] Threadpool model set to 'NativeThreadPoolModel'
Jun 03 19:45:51.611667 np0041006286 devstack@g-api.service[73772]: DEBUG oslo_concurrency.processutils [-] Running cmd (subprocess): grep -F node.session.scan /sbin/iscsiadm {{(pid=73772) execute /opt/stack/data/venv/lib/python3.12/site-packages/oslo_concurrency/processutils.py:349}}
Jun 03 19:45:51.616318 np0041006286 devstack@g-api.service[73773]: DEBUG oslo_concurrency.processutils [-] Running cmd (subprocess): grep -F node.session.scan /sbin/iscsiadm {{(pid=73773) execute /opt/stack/data/venv/lib/python3.12/site-packages/oslo_concurrency/processutils.py:349}}
Jun 03 19:45:51.620798 np0041006286 devstack@g-api.service[73772]: DEBUG oslo_concurrency.processutils [-] CMD "grep -F node.session.scan /sbin/iscsiadm" returned: 0 in 0.010s {{(pid=73772) execute /opt/stack/data/venv/lib/python3.12/site-packages/oslo_concurrency/processutils.py:372}}
Jun 03 19:45:51.628162 np0041006286 devstack@g-api.service[73773]: DEBUG oslo_concurrency.processutils [-] CMD "grep -F node.session.scan /sbin/iscsiadm" returned: 0 in 0.011s {{(pid=73773) execute /opt/stack/data/venv/lib/python3.12/site-packages/oslo_concurrency/processutils.py:372}}
Jun 03 19:45:51.654154 np0041006286 devstack@g-api.service[73772]: DEBUG glance_store.common.attachment_state_manager [-] Initialising _AttachmentStateManager {{(pid=73772) __init__ /opt/stack/data/venv/lib/python3.12/site-packages/glance_store/common/attachment_state_manager.py:86}}
Jun 03 19:45:51.657075 np0041006286 devstack@g-api.service[73773]: DEBUG glance_store.common.attachment_state_manager [-] Initialising _AttachmentStateManager {{(pid=73773) __init__ /opt/stack/data/venv/lib/python3.12/site-packages/glance_store/common/attachment_state_manager.py:86}}
Jun 03 19:45:51.824354 np0041006286 devstack@g-api.service[73773]: DEBUG glance_store.backend [-] Attempting to import store cinder {{(pid=73773) _load_store /opt/stack/data/venv/lib/python3.12/site-packages/glance_store/backend.py:216}}
Jun 03 19:45:51.824643 np0041006286 devstack@g-api.service[73773]: DEBUG glance_store.backend [-] Attempting to import store file {{(pid=73773) _load_store /opt/stack/data/venv/lib/python3.12/site-packages/glance_store/backend.py:216}}
Jun 03 19:45:51.824809 np0041006286 devstack@g-api.service[73773]: DEBUG glance_store.backend [-] Attempting to import store glance.store.cinder.Store {{(pid=73773) _load_store /opt/stack/data/venv/lib/python3.12/site-packages/glance_store/backend.py:216}}
Jun 03 19:45:51.824970 np0041006286 devstack@g-api.service[73773]: DEBUG glance_store.backend [-] Attempting to import store glance.store.filesystem.Store {{(pid=73773) _load_store /opt/stack/data/venv/lib/python3.12/site-packages/glance_store/backend.py:216}}
Jun 03 19:45:51.825490 np0041006286 devstack@g-api.service[73773]: DEBUG glance_store.backend [-] Attempting to import store glance.store.http.Store {{(pid=73773) _load_store /opt/stack/data/venv/lib/python3.12/site-packages/glance_store/backend.py:216}}
Jun 03 19:45:51.825490 np0041006286 devstack@g-api.service[73773]: DEBUG glance_store.backend [-] Attempting to import store glance.store.rbd.Store {{(pid=73773) _load_store /opt/stack/data/venv/lib/python3.12/site-packages/glance_store/backend.py:216}}
Jun 03 19:45:51.825490 np0041006286 devstack@g-api.service[73773]: DEBUG glance_store.backend [-] Attempting to import store glance.store.s3.Store {{(pid=73773) _load_store /opt/stack/data/venv/lib/python3.12/site-packages/glance_store/backend.py:216}}
Jun 03 19:45:51.825681 np0041006286 devstack@g-api.service[73773]: DEBUG glance_store.backend [-] Attempting to import store glance.store.swift.Store {{(pid=73773) _load_store /opt/stack/data/venv/lib/python3.12/site-packages/glance_store/backend.py:216}}
Jun 03 19:45:51.825766 np0041006286 devstack@g-api.service[73773]: DEBUG glance_store.backend [-] Attempting to import store glance.store.vmware_datastore.Store {{(pid=73773) _load_store /opt/stack/data/venv/lib/python3.12/site-packages/glance_store/backend.py:216}}
Jun 03 19:45:51.825892 np0041006286 devstack@g-api.service[73773]: DEBUG glance_store.backend [-] Attempting to import store http {{(pid=73773) _load_store /opt/stack/data/venv/lib/python3.12/site-packages/glance_store/backend.py:216}}
Jun 03 19:45:51.826062 np0041006286 devstack@g-api.service[73773]: DEBUG glance_store.backend [-] Attempting to import store no_conf {{(pid=73773) _load_store /opt/stack/data/venv/lib/python3.12/site-packages/glance_store/backend.py:216}}
Jun 03 19:45:51.826183 np0041006286 devstack@g-api.service[73773]: DEBUG glance_store.backend [-] Attempting to import store rbd {{(pid=73773) _load_store /opt/stack/data/venv/lib/python3.12/site-packages/glance_store/backend.py:216}}
Jun 03 19:45:51.826318 np0041006286 devstack@g-api.service[73773]: DEBUG glance_store.backend [-] Attempting to import store s3 {{(pid=73773) _load_store /opt/stack/data/venv/lib/python3.12/site-packages/glance_store/backend.py:216}}
Jun 03 19:45:51.826879 np0041006286 devstack@g-api.service[73773]: DEBUG glance_store.backend [-] Attempting to import store swift {{(pid=73773) _load_store /opt/stack/data/venv/lib/python3.12/site-packages/glance_store/backend.py:216}}
Jun 03 19:45:51.826879 np0041006286 devstack@g-api.service[73773]: DEBUG glance_store.backend [-] Attempting to import store vmware {{(pid=73773) _load_store /opt/stack/data/venv/lib/python3.12/site-packages/glance_store/backend.py:216}}
Jun 03 19:45:51.826879 np0041006286 devstack@g-api.service[73773]: DEBUG glance_store.backend [-] Registering options for group glance_store {{(pid=73773) register_opts /opt/stack/data/venv/lib/python3.12/site-packages/glance_store/backend.py:145}}
Jun 03 19:45:51.827201 np0041006286 devstack@g-api.service[73773]: DEBUG glance_store.backend [-] Registering options for group glance_store {{(pid=73773) register_opts /opt/stack/data/venv/lib/python3.12/site-packages/glance_store/backend.py:145}}
Jun 03 19:45:51.827821 np0041006286 devstack@g-api.service[73773]: DEBUG glance_store.backend [-] Attempting to import store file {{(pid=73773) _load_store /opt/stack/data/venv/lib/python3.12/site-packages/glance_store/backend.py:216}}
Jun 03 19:45:51.828497 np0041006286 devstack@g-api.service[73773]: DEBUG glance_store.capabilities [-] Store glance_store._drivers.filesystem.Store doesn't support updating dynamic storage capabilities. Please overwrite 'update_capabilities' method of the store to implement updating logics if needed. {{(pid=73773) update_capabilities /opt/stack/data/venv/lib/python3.12/site-packages/glance_store/capabilities.py:91}}
Jun 03 19:45:51.828666 np0041006286 devstack@g-api.service[73773]: DEBUG glance_store.backend [-] Registering store file with schemes ('file', 'filesystem') {{(pid=73773) create_stores /opt/stack/data/venv/lib/python3.12/site-packages/glance_store/backend.py:262}}
Jun 03 19:45:51.828784 np0041006286 devstack@g-api.service[73773]: DEBUG glance_store.driver [-] Late loading location class glance_store._drivers.filesystem.StoreLocation {{(pid=73773) get_store_location_class /opt/stack/data/venv/lib/python3.12/site-packages/glance_store/driver.py:133}}
Jun 03 19:45:51.828932 np0041006286 devstack@g-api.service[73773]: DEBUG glance_store.location [-] Registering scheme file with {'store': , 'location_class': , 'store_entry': 'file'} {{(pid=73773) register_scheme_map /opt/stack/data/venv/lib/python3.12/site-packages/glance_store/location.py:146}}
Jun 03 19:45:51.829065 np0041006286 devstack@g-api.service[73773]: DEBUG glance_store.location [-] Registering scheme filesystem with {'store': , 'location_class': , 'store_entry': 'file'} {{(pid=73773) register_scheme_map /opt/stack/data/venv/lib/python3.12/site-packages/glance_store/location.py:146}}
Jun 03 19:45:51.829153 np0041006286 devstack@g-api.service[73773]: DEBUG glance_store.backend [-] Attempting to import store http {{(pid=73773) _load_store /opt/stack/data/venv/lib/python3.12/site-packages/glance_store/backend.py:216}}
Jun 03 19:45:51.829517 np0041006286 devstack@g-api.service[73773]: DEBUG glance_store.capabilities [-] Store glance_store._drivers.http.Store doesn't support updating dynamic storage capabilities. Please overwrite 'update_capabilities' method of the store to implement updating logics if needed. {{(pid=73773) update_capabilities /opt/stack/data/venv/lib/python3.12/site-packages/glance_store/capabilities.py:91}}
Jun 03 19:45:51.829643 np0041006286 devstack@g-api.service[73773]: DEBUG glance_store.backend [-] Registering store http with schemes ('http', 'https') {{(pid=73773) create_stores /opt/stack/data/venv/lib/python3.12/site-packages/glance_store/backend.py:262}}
Jun 03 19:45:51.829815 np0041006286 devstack@g-api.service[73773]: DEBUG glance_store.driver [-] Late loading location class glance_store._drivers.http.StoreLocation {{(pid=73773) get_store_location_class /opt/stack/data/venv/lib/python3.12/site-packages/glance_store/driver.py:133}}
Jun 03 19:45:51.830651 np0041006286 devstack@g-api.service[73773]: DEBUG glance_store.location [-] Registering scheme http with {'store': , 'location_class': , 'store_entry': 'http'} {{(pid=73773) register_scheme_map /opt/stack/data/venv/lib/python3.12/site-packages/glance_store/location.py:146}}
Jun 03 19:45:51.830651 np0041006286 devstack@g-api.service[73773]: DEBUG glance_store.location [-] Registering scheme https with {'store': , 'location_class': , 'store_entry': 'http'} {{(pid=73773) register_scheme_map /opt/stack/data/venv/lib/python3.12/site-packages/glance_store/location.py:146}}
Jun 03 19:45:51.830651 np0041006286 devstack@g-api.service[73773]: DEBUG glance.sqlite_migration [-] SQLite caching database not located, skipping migration {{(pid=73773) get_db_path /opt/stack/glance/glance/sqlite_migration.py:68}}
Jun 03 19:45:51.830964 np0041006286 devstack@g-api.service[73773]: WARNING glance.common.wsgi_app [-] Import methods are enabled but staging directory /tmp/staging/ does not exist; Imports will fail!
Jun 03 19:45:51.860660 np0041006286 devstack@g-api.service[73772]: DEBUG glance_store.backend [-] Attempting to import store cinder {{(pid=73772) _load_store /opt/stack/data/venv/lib/python3.12/site-packages/glance_store/backend.py:216}}
Jun 03 19:45:51.860809 np0041006286 devstack@g-api.service[73772]: DEBUG glance_store.backend [-] Attempting to import store file {{(pid=73772) _load_store /opt/stack/data/venv/lib/python3.12/site-packages/glance_store/backend.py:216}}
Jun 03 19:45:51.861213 np0041006286 devstack@g-api.service[73772]: DEBUG glance_store.backend [-] Attempting to import store glance.store.cinder.Store {{(pid=73772) _load_store /opt/stack/data/venv/lib/python3.12/site-packages/glance_store/backend.py:216}}
Jun 03 19:45:51.861213 np0041006286 devstack@g-api.service[73772]: DEBUG glance_store.backend [-] Attempting to import store glance.store.filesystem.Store {{(pid=73772) _load_store /opt/stack/data/venv/lib/python3.12/site-packages/glance_store/backend.py:216}}
Jun 03 19:45:51.861213 np0041006286 devstack@g-api.service[73772]: DEBUG glance_store.backend [-] Attempting to import store glance.store.http.Store {{(pid=73772) _load_store /opt/stack/data/venv/lib/python3.12/site-packages/glance_store/backend.py:216}}
Jun 03 19:45:51.861377 np0041006286 devstack@g-api.service[73772]: DEBUG glance_store.backend [-] Attempting to import store glance.store.rbd.Store {{(pid=73772) _load_store /opt/stack/data/venv/lib/python3.12/site-packages/glance_store/backend.py:216}}
Jun 03 19:45:51.861417 np0041006286 devstack@g-api.service[73772]: DEBUG glance_store.backend [-] Attempting to import store glance.store.s3.Store {{(pid=73772) _load_store /opt/stack/data/venv/lib/python3.12/site-packages/glance_store/backend.py:216}}
Jun 03 19:45:51.861556 np0041006286 devstack@g-api.service[73772]: DEBUG glance_store.backend [-] Attempting to import store glance.store.swift.Store {{(pid=73772) _load_store /opt/stack/data/venv/lib/python3.12/site-packages/glance_store/backend.py:216}}
Jun 03 19:45:51.861682 np0041006286 devstack@g-api.service[73772]: DEBUG glance_store.backend [-] Attempting to import store glance.store.vmware_datastore.Store {{(pid=73772) _load_store /opt/stack/data/venv/lib/python3.12/site-packages/glance_store/backend.py:216}}
Jun 03 19:45:51.861898 np0041006286 devstack@g-api.service[73772]: DEBUG glance_store.backend [-] Attempting to import store http {{(pid=73772) _load_store /opt/stack/data/venv/lib/python3.12/site-packages/glance_store/backend.py:216}}
Jun 03 19:45:51.862039 np0041006286 devstack@g-api.service[73772]: DEBUG glance_store.backend [-] Attempting to import store no_conf {{(pid=73772) _load_store /opt/stack/data/venv/lib/python3.12/site-packages/glance_store/backend.py:216}}
Jun 03 19:45:51.862156 np0041006286 devstack@g-api.service[73772]: DEBUG glance_store.backend [-] Attempting to import store rbd {{(pid=73772) _load_store /opt/stack/data/venv/lib/python3.12/site-packages/glance_store/backend.py:216}}
Jun 03 19:45:51.862270 np0041006286 devstack@g-api.service[73772]: DEBUG glance_store.backend [-] Attempting to import store s3 {{(pid=73772) _load_store /opt/stack/data/venv/lib/python3.12/site-packages/glance_store/backend.py:216}}
Jun 03 19:45:51.862415 np0041006286 devstack@g-api.service[73772]: DEBUG glance_store.backend [-] Attempting to import store swift {{(pid=73772) _load_store /opt/stack/data/venv/lib/python3.12/site-packages/glance_store/backend.py:216}}
Jun 03 19:45:51.862522 np0041006286 devstack@g-api.service[73772]: DEBUG glance_store.backend [-] Attempting to import store vmware {{(pid=73772) _load_store /opt/stack/data/venv/lib/python3.12/site-packages/glance_store/backend.py:216}}
Jun 03 19:45:51.862715 np0041006286 devstack@g-api.service[73772]: DEBUG glance_store.backend [-] Registering options for group glance_store {{(pid=73772) register_opts /opt/stack/data/venv/lib/python3.12/site-packages/glance_store/backend.py:145}}
Jun 03 19:45:51.863042 np0041006286 devstack@g-api.service[73772]: DEBUG glance_store.backend [-] Registering options for group glance_store {{(pid=73772) register_opts /opt/stack/data/venv/lib/python3.12/site-packages/glance_store/backend.py:145}}
Jun 03 19:45:51.863620 np0041006286 devstack@g-api.service[73772]: DEBUG glance_store.backend [-] Attempting to import store file {{(pid=73772) _load_store /opt/stack/data/venv/lib/python3.12/site-packages/glance_store/backend.py:216}}
Jun 03 19:45:51.864348 np0041006286 devstack@g-api.service[73772]: DEBUG glance_store.capabilities [-] Store glance_store._drivers.filesystem.Store doesn't support updating dynamic storage capabilities. Please overwrite 'update_capabilities' method of the store to implement updating logics if needed. {{(pid=73772) update_capabilities /opt/stack/data/venv/lib/python3.12/site-packages/glance_store/capabilities.py:91}}
Jun 03 19:45:51.864506 np0041006286 devstack@g-api.service[73772]: DEBUG glance_store.backend [-] Registering store file with schemes ('file', 'filesystem') {{(pid=73772) create_stores /opt/stack/data/venv/lib/python3.12/site-packages/glance_store/backend.py:262}}
Jun 03 19:45:51.864694 np0041006286 devstack@g-api.service[73772]: DEBUG glance_store.driver [-] Late loading location class glance_store._drivers.filesystem.StoreLocation {{(pid=73772) get_store_location_class /opt/stack/data/venv/lib/python3.12/site-packages/glance_store/driver.py:133}}
Jun 03 19:45:51.864849 np0041006286 devstack@g-api.service[73772]: DEBUG glance_store.location [-] Registering scheme file with {'store': , 'location_class': , 'store_entry': 'file'} {{(pid=73772) register_scheme_map /opt/stack/data/venv/lib/python3.12/site-packages/glance_store/location.py:146}}
Jun 03 19:45:51.864976 np0041006286 devstack@g-api.service[73772]: DEBUG glance_store.location [-] Registering scheme filesystem with {'store': , 'location_class': , 'store_entry': 'file'} {{(pid=73772) register_scheme_map /opt/stack/data/venv/lib/python3.12/site-packages/glance_store/location.py:146}}
Jun 03 19:45:51.865062 np0041006286 devstack@g-api.service[73772]: DEBUG glance_store.backend [-] Attempting to import store http {{(pid=73772) _load_store /opt/stack/data/venv/lib/python3.12/site-packages/glance_store/backend.py:216}}
Jun 03 19:45:51.865366 np0041006286 devstack@g-api.service[73772]: DEBUG glance_store.capabilities [-] Store glance_store._drivers.http.Store doesn't support updating dynamic storage capabilities. Please overwrite 'update_capabilities' method of the store to implement updating logics if needed. {{(pid=73772) update_capabilities /opt/stack/data/venv/lib/python3.12/site-packages/glance_store/capabilities.py:91}}
Jun 03 19:45:51.865464 np0041006286 devstack@g-api.service[73772]: DEBUG glance_store.backend [-] Registering store http with schemes ('http', 'https') {{(pid=73772) create_stores /opt/stack/data/venv/lib/python3.12/site-packages/glance_store/backend.py:262}}
Jun 03 19:45:51.865530 np0041006286 devstack@g-api.service[73772]: DEBUG glance_store.driver [-] Late loading location class glance_store._drivers.http.StoreLocation {{(pid=73772) get_store_location_class /opt/stack/data/venv/lib/python3.12/site-packages/glance_store/driver.py:133}}
Jun 03 19:45:51.865653 np0041006286 devstack@g-api.service[73772]: DEBUG glance_store.location [-] Registering scheme http with {'store': , 'location_class': , 'store_entry': 'http'} {{(pid=73772) register_scheme_map /opt/stack/data/venv/lib/python3.12/site-packages/glance_store/location.py:146}}
Jun 03 19:45:51.865731 np0041006286 devstack@g-api.service[73772]: DEBUG glance_store.location [-] Registering scheme https with {'store': , 'location_class': , 'store_entry': 'http'} {{(pid=73772) register_scheme_map /opt/stack/data/venv/lib/python3.12/site-packages/glance_store/location.py:146}}
Jun 03 19:45:51.866274 np0041006286 devstack@g-api.service[73772]: DEBUG glance.sqlite_migration [-] SQLite caching database not located, skipping migration {{(pid=73772) get_db_path /opt/stack/glance/glance/sqlite_migration.py:68}}
Jun 03 19:45:51.866728 np0041006286 devstack@g-api.service[73772]: WARNING glance.common.wsgi_app [-] Import methods are enabled but staging directory /tmp/staging/ does not exist; Imports will fail!
Jun 03 19:45:52.374801 np0041006286 devstack@g-api.service[73772]: DEBUG glance.common.config [None req-ef90b1f3-df49-4125-a259-2e2427827a0e None None] Loading glance-api-keystone+cachemanagement from /etc/glance/glance-api-paste.ini {{(pid=73772) load_paste_app /opt/stack/glance/glance/common/config.py:750}}
Jun 03 19:45:52.401146 np0041006286 devstack@g-api.service[73773]: DEBUG glance.common.config [None req-701a7f1a-347e-487c-9eb0-4e46433f39d9 None None] Loading glance-api-keystone+cachemanagement from /etc/glance/glance-api-paste.ini {{(pid=73773) load_paste_app /opt/stack/glance/glance/common/config.py:750}}
Jun 03 19:45:53.384290 np0041006286 devstack@g-api.service[73773]: INFO glance.image_cache [None req-701a7f1a-347e-487c-9eb0-4e46433f39d9 None None] Image cache loaded driver 'centralized_db'.
Jun 03 19:45:53.384983 np0041006286 devstack@g-api.service[73772]: INFO glance.image_cache [None req-ef90b1f3-df49-4125-a259-2e2427827a0e None None] Image cache loaded driver 'centralized_db'.
Jun 03 19:45:53.438271 np0041006286 devstack@g-api.service[73773]: INFO dbcounter [None req-701a7f1a-347e-487c-9eb0-4e46433f39d9 None None] Registered counter for database glance
Jun 03 19:45:53.442514 np0041006286 devstack@g-api.service[73772]: INFO dbcounter [None req-ef90b1f3-df49-4125-a259-2e2427827a0e None None] Registered counter for database glance
Jun 03 19:45:53.452404 np0041006286 devstack@g-api.service[73773]: DEBUG oslo_db.sqlalchemy.engines [None req-701a7f1a-347e-487c-9eb0-4e46433f39d9 None None] MySQL server mode set to STRICT_TRANS_TABLES,STRICT_ALL_TABLES,NO_ZERO_IN_DATE,NO_ZERO_DATE,ERROR_FOR_DIVISION_BY_ZERO,TRADITIONAL,NO_ENGINE_SUBSTITUTION {{(pid=73773) _check_effective_sql_mode /opt/stack/data/venv/lib/python3.12/site-packages/oslo_db/sqlalchemy/engines.py:397}}
Jun 03 19:45:53.464738 np0041006286 devstack@g-api.service[73772]: DEBUG oslo_db.sqlalchemy.engines [None req-ef90b1f3-df49-4125-a259-2e2427827a0e None None] MySQL server mode set to STRICT_TRANS_TABLES,STRICT_ALL_TABLES,NO_ZERO_IN_DATE,NO_ZERO_DATE,ERROR_FOR_DIVISION_BY_ZERO,TRADITIONAL,NO_ENGINE_SUBSTITUTION {{(pid=73772) _check_effective_sql_mode /opt/stack/data/venv/lib/python3.12/site-packages/oslo_db/sqlalchemy/engines.py:397}}
Jun 03 19:45:53.490975 np0041006286 devstack@g-api.service[73773]: DEBUG dbcounter [-] [73773] Writer thread running {{(pid=73773) stat_writer /opt/stack/data/venv/lib/python3.12/site-packages/dbcounter.py:102}}
Jun 03 19:45:53.508867 np0041006286 devstack@g-api.service[73772]: DEBUG dbcounter [-] [73772] Writer thread running {{(pid=73772) stat_writer /opt/stack/data/venv/lib/python3.12/site-packages/dbcounter.py:102}}
Jun 03 19:45:53.510276 np0041006286 devstack@g-api.service[73773]: INFO glance.image_cache [None req-701a7f1a-347e-487c-9eb0-4e46433f39d9 None None] Image cache loaded driver 'centralized_db'.
Jun 03 19:45:53.512731 np0041006286 devstack@g-api.service[73772]: DEBUG glance.image_cache.drivers.centralized_db [None req-ef90b1f3-df49-4125-a259-2e2427827a0e None None] Node reference is already recorded, ignoring it {{(pid=73772) configure /opt/stack/glance/glance/image_cache/drivers/centralized_db.py:71}}
Jun 03 19:45:53.520361 np0041006286 devstack@g-api.service[73773]: DEBUG glance.image_cache.drivers.centralized_db [None req-701a7f1a-347e-487c-9eb0-4e46433f39d9 None None] Node reference is already recorded, ignoring it {{(pid=73773) configure /opt/stack/glance/glance/image_cache/drivers/centralized_db.py:71}}
Jun 03 19:45:53.526492 np0041006286 devstack@g-api.service[73772]: INFO glance.image_cache [None req-ef90b1f3-df49-4125-a259-2e2427827a0e None None] Image cache loaded driver 'centralized_db'.
Jun 03 19:45:53.527419 np0041006286 devstack@g-api.service[73773]: DEBUG glance.api.v2.cached_images [None req-701a7f1a-347e-487c-9eb0-4e46433f39d9 None None] Started cache worker thread {{(pid=73773) __init__ /opt/stack/glance/glance/api/v2/cached_images.py:69}}
Jun 03 19:45:53.528497 np0041006286 devstack@g-api.service[73773]: INFO glance.image_cache [None req-701a7f1a-347e-487c-9eb0-4e46433f39d9 None None] Image cache loaded driver 'centralized_db'.
Jun 03 19:45:53.539282 np0041006286 devstack@g-api.service[73773]: DEBUG glance.image_cache.drivers.centralized_db [None req-701a7f1a-347e-487c-9eb0-4e46433f39d9 None None] Node reference is already recorded, ignoring it {{(pid=73773) configure /opt/stack/glance/glance/image_cache/drivers/centralized_db.py:71}}
Jun 03 19:45:53.543483 np0041006286 devstack@g-api.service[73772]: DEBUG glance.image_cache.drivers.centralized_db [None req-ef90b1f3-df49-4125-a259-2e2427827a0e None None] Node reference is already recorded, ignoring it {{(pid=73772) configure /opt/stack/glance/glance/image_cache/drivers/centralized_db.py:71}}
Jun 03 19:45:53.547051 np0041006286 devstack@g-api.service[73773]: INFO glance.api.middleware.cache_manage [None req-701a7f1a-347e-487c-9eb0-4e46433f39d9 None None] Initialized image cache management middleware
Jun 03 19:45:53.547365 np0041006286 devstack@g-api.service[73773]: INFO glance.image_cache [None req-701a7f1a-347e-487c-9eb0-4e46433f39d9 None None] Image cache loaded driver 'centralized_db'.
Jun 03 19:45:53.557170 np0041006286 devstack@g-api.service[73773]: DEBUG glance.image_cache.drivers.centralized_db [None req-701a7f1a-347e-487c-9eb0-4e46433f39d9 None None] Node reference is already recorded, ignoring it {{(pid=73773) configure /opt/stack/glance/glance/image_cache/drivers/centralized_db.py:71}}
Jun 03 19:45:53.558890 np0041006286 devstack@g-api.service[73772]: DEBUG glance.api.v2.cached_images [None req-ef90b1f3-df49-4125-a259-2e2427827a0e None None] Started cache worker thread {{(pid=73772) __init__ /opt/stack/glance/glance/api/v2/cached_images.py:69}}
Jun 03 19:45:53.560249 np0041006286 devstack@g-api.service[73772]: INFO glance.image_cache [None req-ef90b1f3-df49-4125-a259-2e2427827a0e None None] Image cache loaded driver 'centralized_db'.
Jun 03 19:45:53.563589 np0041006286 devstack@g-api.service[73773]: INFO glance.api.middleware.cache [None req-701a7f1a-347e-487c-9eb0-4e46433f39d9 None None] Initialized image cache middleware
Jun 03 19:45:53.572304 np0041006286 devstack@g-api.service[73773]: WARNING keystonemiddleware.auth_token [None req-701a7f1a-347e-487c-9eb0-4e46433f39d9 None None] AuthToken middleware is set with keystone_authtoken.service_token_roles_required set to False. This is backwards compatible but deprecated behaviour. Please set this to True.
Jun 03 19:45:53.576344 np0041006286 devstack@g-api.service[73772]: DEBUG glance.image_cache.drivers.centralized_db [None req-ef90b1f3-df49-4125-a259-2e2427827a0e None None] Node reference is already recorded, ignoring it {{(pid=73772) configure /opt/stack/glance/glance/image_cache/drivers/centralized_db.py:71}}
Jun 03 19:45:53.577892 np0041006286 devstack@g-api.service[73773]: WARNING keystonemiddleware.auth_token [None req-701a7f1a-347e-487c-9eb0-4e46433f39d9 None None] Configuring www_authenticate_uri to point to the public identity endpoint is required; clients may not be able to authenticate against an admin endpoint
Jun 03 19:45:53.583494 np0041006286 devstack@g-api.service[73773]: DEBUG glance.common.config [None req-701a7f1a-347e-487c-9eb0-4e46433f39d9 None None] ******************************************************************************** {{(pid=73773) log_opt_values /opt/stack/data/venv/lib/python3.12/site-packages/oslo_config/cfg.py:2804}}
Jun 03 19:45:53.583690 np0041006286 devstack@g-api.service[73773]: DEBUG glance.common.config [None req-701a7f1a-347e-487c-9eb0-4e46433f39d9 None None] Configuration options gathered from: {{(pid=73773) log_opt_values /opt/stack/data/venv/lib/python3.12/site-packages/oslo_config/cfg.py:2805}}
Jun 03 19:45:53.584103 np0041006286 devstack@g-api.service[73773]: DEBUG glance.common.config [None req-701a7f1a-347e-487c-9eb0-4e46433f39d9 None None] command line args: [] {{(pid=73773) log_opt_values /opt/stack/data/venv/lib/python3.12/site-packages/oslo_config/cfg.py:2806}}
Jun 03 19:45:53.584338 np0041006286 devstack@g-api.service[73773]: DEBUG glance.common.config [None req-701a7f1a-347e-487c-9eb0-4e46433f39d9 None None] config files: ['/etc/glance/glance-image-import.conf', '/etc/glance/glance-api.conf'] {{(pid=73773) log_opt_values /opt/stack/data/venv/lib/python3.12/site-packages/oslo_config/cfg.py:2807}}
Jun 03 19:45:53.584501 np0041006286 devstack@g-api.service[73773]: DEBUG glance.common.config [None req-701a7f1a-347e-487c-9eb0-4e46433f39d9 None None] ================================================================================ {{(pid=73773) log_opt_values /opt/stack/data/venv/lib/python3.12/site-packages/oslo_config/cfg.py:2809}}
Jun 03 19:45:53.584765 np0041006286 devstack@g-api.service[73773]: DEBUG glance.common.config [None req-701a7f1a-347e-487c-9eb0-4e46433f39d9 None None] allow_anonymous_access = False {{(pid=73773) log_opt_values /opt/stack/data/venv/lib/python3.12/site-packages/oslo_config/cfg.py:2817}}
Jun 03 19:45:53.584994 np0041006286 devstack@g-api.service[73773]: DEBUG glance.common.config [None req-701a7f1a-347e-487c-9eb0-4e46433f39d9 None None] api_limit_max = 1000 {{(pid=73773) log_opt_values /opt/stack/data/venv/lib/python3.12/site-packages/oslo_config/cfg.py:2817}}
Jun 03 19:45:53.585226 np0041006286 devstack@g-api.service[73773]: DEBUG glance.common.config [None req-701a7f1a-347e-487c-9eb0-4e46433f39d9 None None] backlog = 4096 {{(pid=73773) log_opt_values /opt/stack/data/venv/lib/python3.12/site-packages/oslo_config/cfg.py:2817}}
Jun 03 19:45:53.585472 np0041006286 devstack@g-api.service[73773]: DEBUG glance.common.config [None req-701a7f1a-347e-487c-9eb0-4e46433f39d9 None None] bind_host = 0.0.0.0 {{(pid=73773) log_opt_values /opt/stack/data/venv/lib/python3.12/site-packages/oslo_config/cfg.py:2817}}
Jun 03 19:45:53.585733 np0041006286 devstack@g-api.service[73773]: DEBUG glance.common.config [None req-701a7f1a-347e-487c-9eb0-4e46433f39d9 None None] bind_port = 19292 {{(pid=73773) log_opt_values /opt/stack/data/venv/lib/python3.12/site-packages/oslo_config/cfg.py:2817}}
Jun 03 19:45:53.585967 np0041006286 devstack@g-api.service[73773]: DEBUG glance.common.config [None req-701a7f1a-347e-487c-9eb0-4e46433f39d9 None None] client_socket_timeout = 900 {{(pid=73773) log_opt_values /opt/stack/data/venv/lib/python3.12/site-packages/oslo_config/cfg.py:2817}}
Jun 03 19:45:53.586201 np0041006286 devstack@g-api.service[73773]: DEBUG glance.common.config [None req-701a7f1a-347e-487c-9eb0-4e46433f39d9 None None] config_dir = [] {{(pid=73773) log_opt_values /opt/stack/data/venv/lib/python3.12/site-packages/oslo_config/cfg.py:2817}}
Jun 03 19:45:53.586438 np0041006286 devstack@g-api.service[73773]: DEBUG glance.common.config [None req-701a7f1a-347e-487c-9eb0-4e46433f39d9 None None] config_file = ['/etc/glance/glance-image-import.conf', '/etc/glance/glance-api.conf'] {{(pid=73773) log_opt_values /opt/stack/data/venv/lib/python3.12/site-packages/oslo_config/cfg.py:2817}}
Jun 03 19:45:53.586665 np0041006286 devstack@g-api.service[73773]: DEBUG glance.common.config [None req-701a7f1a-347e-487c-9eb0-4e46433f39d9 None None] config_source = [] {{(pid=73773) log_opt_values /opt/stack/data/venv/lib/python3.12/site-packages/oslo_config/cfg.py:2817}}
Jun 03 19:45:53.586891 np0041006286 devstack@g-api.service[73773]: DEBUG glance.common.config [None req-701a7f1a-347e-487c-9eb0-4e46433f39d9 None None] control_exchange = glance {{(pid=73773) log_opt_values /opt/stack/data/venv/lib/python3.12/site-packages/oslo_config/cfg.py:2817}}
Jun 03 19:45:53.587050 np0041006286 devstack@g-api.service[73773]: DEBUG glance.common.config [None req-701a7f1a-347e-487c-9eb0-4e46433f39d9 None None] debug = True {{(pid=73773) log_opt_values /opt/stack/data/venv/lib/python3.12/site-packages/oslo_config/cfg.py:2817}}
Jun 03 19:45:53.587390 np0041006286 devstack@g-api.service[73773]: DEBUG glance.common.config [None req-701a7f1a-347e-487c-9eb0-4e46433f39d9 None None] default_log_levels = ['amqp=WARN', 'amqplib=WARN', 'boto=WARN', 'qpid=WARN', 'sqlalchemy=WARN', 'suds=INFO', 'oslo.messaging=INFO', 'oslo_messaging=INFO', 'iso8601=WARN', 'requests.packages.urllib3.connectionpool=WARN', 'urllib3.connectionpool=WARN', 'websocket=WARN', 'requests.packages.urllib3.util.retry=WARN', 'urllib3.util.retry=WARN', 'keystonemiddleware=WARN', 'routes.middleware=WARN', 'stevedore=WARN', 'taskflow=WARN', 'keystoneauth=WARN', 'oslo.cache=INFO', 'oslo_policy=INFO', 'dogpile.core.dogpile=INFO'] {{(pid=73773) log_opt_values /opt/stack/data/venv/lib/python3.12/site-packages/oslo_config/cfg.py:2817}}
Jun 03 19:45:53.587622 np0041006286 devstack@g-api.service[73773]: DEBUG glance.common.config [None req-701a7f1a-347e-487c-9eb0-4e46433f39d9 None None] default_publisher_id = image.localhost {{(pid=73773) log_opt_values /opt/stack/data/venv/lib/python3.12/site-packages/oslo_config/cfg.py:2817}}
Jun 03 19:45:53.587841 np0041006286 devstack@g-api.service[73773]: DEBUG glance.common.config [None req-701a7f1a-347e-487c-9eb0-4e46433f39d9 None None] delayed_delete = False {{(pid=73773) log_opt_values /opt/stack/data/venv/lib/python3.12/site-packages/oslo_config/cfg.py:2817}}
Jun 03 19:45:53.588068 np0041006286 devstack@g-api.service[73773]: DEBUG glance.common.config [None req-701a7f1a-347e-487c-9eb0-4e46433f39d9 None None] digest_algorithm = sha256 {{(pid=73773) log_opt_values /opt/stack/data/venv/lib/python3.12/site-packages/oslo_config/cfg.py:2817}}
Jun 03 19:45:53.588373 np0041006286 devstack@g-api.service[73773]: DEBUG glance.common.config [None req-701a7f1a-347e-487c-9eb0-4e46433f39d9 None None] disabled_notifications = [] {{(pid=73773) log_opt_values /opt/stack/data/venv/lib/python3.12/site-packages/oslo_config/cfg.py:2817}}
Jun 03 19:45:53.588486 np0041006286 devstack@g-api.service[73773]: DEBUG glance.common.config [None req-701a7f1a-347e-487c-9eb0-4e46433f39d9 None None] do_secure_hash = True {{(pid=73773) log_opt_values /opt/stack/data/venv/lib/python3.12/site-packages/oslo_config/cfg.py:2817}}
Jun 03 19:45:53.588718 np0041006286 devstack@g-api.service[73773]: DEBUG glance.common.config [None req-701a7f1a-347e-487c-9eb0-4e46433f39d9 None None] enabled_backends = None {{(pid=73773) log_opt_values /opt/stack/data/venv/lib/python3.12/site-packages/oslo_config/cfg.py:2817}}
Jun 03 19:45:53.588942 np0041006286 devstack@g-api.service[73773]: DEBUG glance.common.config [None req-701a7f1a-347e-487c-9eb0-4e46433f39d9 None None] enabled_import_methods = ['glance-direct', 'web-download', 'copy-image'] {{(pid=73773) log_opt_values /opt/stack/data/venv/lib/python3.12/site-packages/oslo_config/cfg.py:2817}}
Jun 03 19:45:53.589163 np0041006286 devstack@g-api.service[73773]: DEBUG glance.common.config [None req-701a7f1a-347e-487c-9eb0-4e46433f39d9 None None] hashing_algorithm = sha512 {{(pid=73773) log_opt_values /opt/stack/data/venv/lib/python3.12/site-packages/oslo_config/cfg.py:2817}}
Jun 03 19:45:53.589359 np0041006286 devstack@g-api.service[73772]: INFO glance.api.middleware.cache_manage [None req-ef90b1f3-df49-4125-a259-2e2427827a0e None None] Initialized image cache management middleware
Jun 03 19:45:53.589416 np0041006286 devstack@g-api.service[73773]: DEBUG glance.common.config [None req-701a7f1a-347e-487c-9eb0-4e46433f39d9 None None] http_keepalive = True {{(pid=73773) log_opt_values /opt/stack/data/venv/lib/python3.12/site-packages/oslo_config/cfg.py:2817}}
Jun 03 19:45:53.589674 np0041006286 devstack@g-api.service[73773]: DEBUG glance.common.config [None req-701a7f1a-347e-487c-9eb0-4e46433f39d9 None None] http_retries = 3 {{(pid=73773) log_opt_values /opt/stack/data/venv/lib/python3.12/site-packages/oslo_config/cfg.py:2817}}
Jun 03 19:45:53.589748 np0041006286 devstack@g-api.service[73772]: INFO glance.image_cache [None req-ef90b1f3-df49-4125-a259-2e2427827a0e None None] Image cache loaded driver 'centralized_db'.
Jun 03 19:45:53.589937 np0041006286 devstack@g-api.service[73773]: DEBUG glance.common.config [None req-701a7f1a-347e-487c-9eb0-4e46433f39d9 None None] image_cache_dir = /opt/stack/data/glance/cache/ {{(pid=73773) log_opt_values /opt/stack/data/venv/lib/python3.12/site-packages/oslo_config/cfg.py:2817}}
Jun 03 19:45:53.590196 np0041006286 devstack@g-api.service[73773]: DEBUG glance.common.config [None req-701a7f1a-347e-487c-9eb0-4e46433f39d9 None None] image_cache_driver = centralized_db {{(pid=73773) log_opt_values /opt/stack/data/venv/lib/python3.12/site-packages/oslo_config/cfg.py:2817}}
Jun 03 19:45:53.590427 np0041006286 devstack@g-api.service[73773]: DEBUG glance.common.config [None req-701a7f1a-347e-487c-9eb0-4e46433f39d9 None None] image_cache_max_size = 10737418240 {{(pid=73773) log_opt_values /opt/stack/data/venv/lib/python3.12/site-packages/oslo_config/cfg.py:2817}}
Jun 03 19:45:53.590670 np0041006286 devstack@g-api.service[73773]: DEBUG glance.common.config [None req-701a7f1a-347e-487c-9eb0-4e46433f39d9 None None] image_cache_sqlite_db = cache.db {{(pid=73773) log_opt_values /opt/stack/data/venv/lib/python3.12/site-packages/oslo_config/cfg.py:2817}}
Jun 03 19:45:53.590890 np0041006286 devstack@g-api.service[73773]: DEBUG glance.common.config [None req-701a7f1a-347e-487c-9eb0-4e46433f39d9 None None] image_cache_stall_time = 86400 {{(pid=73773) log_opt_values /opt/stack/data/venv/lib/python3.12/site-packages/oslo_config/cfg.py:2817}}
Jun 03 19:45:53.591108 np0041006286 devstack@g-api.service[73773]: DEBUG glance.common.config [None req-701a7f1a-347e-487c-9eb0-4e46433f39d9 None None] image_location_quota = 10 {{(pid=73773) log_opt_values /opt/stack/data/venv/lib/python3.12/site-packages/oslo_config/cfg.py:2817}}
Jun 03 19:45:53.591332 np0041006286 devstack@g-api.service[73773]: DEBUG glance.common.config [None req-701a7f1a-347e-487c-9eb0-4e46433f39d9 None None] image_member_quota = 128 {{(pid=73773) log_opt_values /opt/stack/data/venv/lib/python3.12/site-packages/oslo_config/cfg.py:2817}}
Jun 03 19:45:53.591595 np0041006286 devstack@g-api.service[73773]: DEBUG glance.common.config [None req-701a7f1a-347e-487c-9eb0-4e46433f39d9 None None] image_property_quota = 128 {{(pid=73773) log_opt_values /opt/stack/data/venv/lib/python3.12/site-packages/oslo_config/cfg.py:2817}}
Jun 03 19:45:53.591858 np0041006286 devstack@g-api.service[73773]: DEBUG glance.common.config [None req-701a7f1a-347e-487c-9eb0-4e46433f39d9 None None] image_size_cap = 1099511627776 {{(pid=73773) log_opt_values /opt/stack/data/venv/lib/python3.12/site-packages/oslo_config/cfg.py:2817}}
Jun 03 19:45:53.592072 np0041006286 devstack@g-api.service[73773]: DEBUG glance.common.config [None req-701a7f1a-347e-487c-9eb0-4e46433f39d9 None None] image_tag_quota = 128 {{(pid=73773) log_opt_values /opt/stack/data/venv/lib/python3.12/site-packages/oslo_config/cfg.py:2817}}
Jun 03 19:45:53.592284 np0041006286 devstack@g-api.service[73773]: DEBUG glance.common.config [None req-701a7f1a-347e-487c-9eb0-4e46433f39d9 None None] instance_format = [instance: %(uuid)s] {{(pid=73773) log_opt_values /opt/stack/data/venv/lib/python3.12/site-packages/oslo_config/cfg.py:2817}}
Jun 03 19:45:53.592497 np0041006286 devstack@g-api.service[73773]: DEBUG glance.common.config [None req-701a7f1a-347e-487c-9eb0-4e46433f39d9 None None] instance_uuid_format = [instance: %(uuid)s] {{(pid=73773) log_opt_values /opt/stack/data/venv/lib/python3.12/site-packages/oslo_config/cfg.py:2817}}
Jun 03 19:45:53.592727 np0041006286 devstack@g-api.service[73773]: DEBUG glance.common.config [None req-701a7f1a-347e-487c-9eb0-4e46433f39d9 None None] limit_param_default = 25 {{(pid=73773) log_opt_values /opt/stack/data/venv/lib/python3.12/site-packages/oslo_config/cfg.py:2817}}
Jun 03 19:45:53.592967 np0041006286 devstack@g-api.service[73773]: DEBUG glance.common.config [None req-701a7f1a-347e-487c-9eb0-4e46433f39d9 None None] log_color = False {{(pid=73773) log_opt_values /opt/stack/data/venv/lib/python3.12/site-packages/oslo_config/cfg.py:2817}}
Jun 03 19:45:53.593214 np0041006286 devstack@g-api.service[73773]: DEBUG glance.common.config [None req-701a7f1a-347e-487c-9eb0-4e46433f39d9 None None] log_config_append = None {{(pid=73773) log_opt_values /opt/stack/data/venv/lib/python3.12/site-packages/oslo_config/cfg.py:2817}}
Jun 03 19:45:53.593483 np0041006286 devstack@g-api.service[73773]: DEBUG glance.common.config [None req-701a7f1a-347e-487c-9eb0-4e46433f39d9 None None] log_date_format = %Y-%m-%d %H:%M:%S {{(pid=73773) log_opt_values /opt/stack/data/venv/lib/python3.12/site-packages/oslo_config/cfg.py:2817}}
Jun 03 19:45:53.593713 np0041006286 devstack@g-api.service[73773]: DEBUG glance.common.config [None req-701a7f1a-347e-487c-9eb0-4e46433f39d9 None None] log_dir = None {{(pid=73773) log_opt_values /opt/stack/data/venv/lib/python3.12/site-packages/oslo_config/cfg.py:2817}}
Jun 03 19:45:53.593923 np0041006286 devstack@g-api.service[73773]: DEBUG glance.common.config [None req-701a7f1a-347e-487c-9eb0-4e46433f39d9 None None] log_file = None {{(pid=73773) log_opt_values /opt/stack/data/venv/lib/python3.12/site-packages/oslo_config/cfg.py:2817}}
Jun 03 19:45:53.594132 np0041006286 devstack@g-api.service[73773]: DEBUG glance.common.config [None req-701a7f1a-347e-487c-9eb0-4e46433f39d9 None None] log_rotate_interval = 1 {{(pid=73773) log_opt_values /opt/stack/data/venv/lib/python3.12/site-packages/oslo_config/cfg.py:2817}}
Jun 03 19:45:53.594378 np0041006286 devstack@g-api.service[73773]: DEBUG glance.common.config [None req-701a7f1a-347e-487c-9eb0-4e46433f39d9 None None] log_rotate_interval_type = days {{(pid=73773) log_opt_values /opt/stack/data/venv/lib/python3.12/site-packages/oslo_config/cfg.py:2817}}
Jun 03 19:45:53.594702 np0041006286 devstack@g-api.service[73773]: DEBUG glance.common.config [None req-701a7f1a-347e-487c-9eb0-4e46433f39d9 None None] log_rotation_type = none {{(pid=73773) log_opt_values /opt/stack/data/venv/lib/python3.12/site-packages/oslo_config/cfg.py:2817}}
Jun 03 19:45:53.594904 np0041006286 devstack@g-api.service[73773]: DEBUG glance.common.config [None req-701a7f1a-347e-487c-9eb0-4e46433f39d9 None None] logging_context_format_string = %(color)s%(levelname)s %(name)s [%(global_request_id)s %(request_id)s %(project_name)s %(user_name)s%(color)s] %(instance)s%(color)s%(message)s {{(pid=73773) log_opt_values /opt/stack/data/venv/lib/python3.12/site-packages/oslo_config/cfg.py:2817}}
Jun 03 19:45:53.595087 np0041006286 devstack@g-api.service[73773]: DEBUG glance.common.config [None req-701a7f1a-347e-487c-9eb0-4e46433f39d9 None None] logging_debug_format_suffix = {{(pid=%(process)d) %(funcName)s %(pathname)s:%(lineno)d}} {{(pid=73773) log_opt_values /opt/stack/data/venv/lib/python3.12/site-packages/oslo_config/cfg.py:2817}}
Jun 03 19:45:53.595349 np0041006286 devstack@g-api.service[73773]: DEBUG glance.common.config [None req-701a7f1a-347e-487c-9eb0-4e46433f39d9 None None] logging_default_format_string = %(color)s%(levelname)s %(name)s [-%(color)s] %(instance)s%(color)s%(message)s {{(pid=73773) log_opt_values /opt/stack/data/venv/lib/python3.12/site-packages/oslo_config/cfg.py:2817}}
Jun 03 19:45:53.595609 np0041006286 devstack@g-api.service[73773]: DEBUG glance.common.config [None req-701a7f1a-347e-487c-9eb0-4e46433f39d9 None None] logging_exception_prefix = ERROR %(name)s %(instance)s {{(pid=73773) log_opt_values /opt/stack/data/venv/lib/python3.12/site-packages/oslo_config/cfg.py:2817}}
Jun 03 19:45:53.595752 np0041006286 devstack@g-api.service[73773]: DEBUG glance.common.config [None req-701a7f1a-347e-487c-9eb0-4e46433f39d9 None None] logging_user_identity_format = %(user)s %(project)s %(domain)s %(system_scope)s %(user_domain)s %(project_domain)s {{(pid=73773) log_opt_values /opt/stack/data/venv/lib/python3.12/site-packages/oslo_config/cfg.py:2817}}
Jun 03 19:45:53.595981 np0041006286 devstack@g-api.service[73773]: DEBUG glance.common.config [None req-701a7f1a-347e-487c-9eb0-4e46433f39d9 None None] max_header_line = 16384 {{(pid=73773) log_opt_values /opt/stack/data/venv/lib/python3.12/site-packages/oslo_config/cfg.py:2817}}
Jun 03 19:45:53.596210 np0041006286 devstack@g-api.service[73773]: DEBUG glance.common.config [None req-701a7f1a-347e-487c-9eb0-4e46433f39d9 None None] max_logfile_count = 30 {{(pid=73773) log_opt_values /opt/stack/data/venv/lib/python3.12/site-packages/oslo_config/cfg.py:2817}}
Jun 03 19:45:53.596434 np0041006286 devstack@g-api.service[73773]: DEBUG glance.common.config [None req-701a7f1a-347e-487c-9eb0-4e46433f39d9 None None] max_logfile_size_mb = 200 {{(pid=73773) log_opt_values /opt/stack/data/venv/lib/python3.12/site-packages/oslo_config/cfg.py:2817}}
Jun 03 19:45:53.596710 np0041006286 devstack@g-api.service[73773]: DEBUG glance.common.config [None req-701a7f1a-347e-487c-9eb0-4e46433f39d9 None None] max_request_id_length = 64 {{(pid=73773) log_opt_values /opt/stack/data/venv/lib/python3.12/site-packages/oslo_config/cfg.py:2817}}
Jun 03 19:45:53.596913 np0041006286 devstack@g-api.service[73773]: DEBUG glance.common.config [None req-701a7f1a-347e-487c-9eb0-4e46433f39d9 None None] metadata_encryption_key = **** {{(pid=73773) log_opt_values /opt/stack/data/venv/lib/python3.12/site-packages/oslo_config/cfg.py:2817}}
Jun 03 19:45:53.597141 np0041006286 devstack@g-api.service[73773]: DEBUG glance.common.config [None req-701a7f1a-347e-487c-9eb0-4e46433f39d9 None None] node_staging_uri = file:///tmp/staging/ {{(pid=73773) log_opt_values /opt/stack/data/venv/lib/python3.12/site-packages/oslo_config/cfg.py:2817}}
Jun 03 19:45:53.597346 np0041006286 devstack@g-api.service[73773]: DEBUG glance.common.config [None req-701a7f1a-347e-487c-9eb0-4e46433f39d9 None None] property_protection_file = None {{(pid=73773) log_opt_values /opt/stack/data/venv/lib/python3.12/site-packages/oslo_config/cfg.py:2817}}
Jun 03 19:45:53.597850 np0041006286 devstack@g-api.service[73773]: DEBUG glance.common.config [None req-701a7f1a-347e-487c-9eb0-4e46433f39d9 None None] property_protection_rule_format = roles {{(pid=73773) log_opt_values /opt/stack/data/venv/lib/python3.12/site-packages/oslo_config/cfg.py:2817}}
Jun 03 19:45:53.597850 np0041006286 devstack@g-api.service[73773]: DEBUG glance.common.config [None req-701a7f1a-347e-487c-9eb0-4e46433f39d9 None None] public_endpoint = https://158.69.74.91/image {{(pid=73773) log_opt_values /opt/stack/data/venv/lib/python3.12/site-packages/oslo_config/cfg.py:2817}}
Jun 03 19:45:53.597969 np0041006286 devstack@g-api.service[73773]: DEBUG glance.common.config [None req-701a7f1a-347e-487c-9eb0-4e46433f39d9 None None] publish_errors = False {{(pid=73773) log_opt_values /opt/stack/data/venv/lib/python3.12/site-packages/oslo_config/cfg.py:2817}}
Jun 03 19:45:53.598157 np0041006286 devstack@g-api.service[73773]: DEBUG glance.common.config [None req-701a7f1a-347e-487c-9eb0-4e46433f39d9 None None] pydev_worker_debug_host = None {{(pid=73773) log_opt_values /opt/stack/data/venv/lib/python3.12/site-packages/oslo_config/cfg.py:2817}}
Jun 03 19:45:53.598399 np0041006286 devstack@g-api.service[73773]: DEBUG glance.common.config [None req-701a7f1a-347e-487c-9eb0-4e46433f39d9 None None] pydev_worker_debug_port = 5678 {{(pid=73773) log_opt_values /opt/stack/data/venv/lib/python3.12/site-packages/oslo_config/cfg.py:2817}}
Jun 03 19:45:53.598673 np0041006286 devstack@g-api.service[73773]: DEBUG glance.common.config [None req-701a7f1a-347e-487c-9eb0-4e46433f39d9 None None] rate_limit_burst = 0 {{(pid=73773) log_opt_values /opt/stack/data/venv/lib/python3.12/site-packages/oslo_config/cfg.py:2817}}
Jun 03 19:45:53.598877 np0041006286 devstack@g-api.service[73773]: DEBUG glance.common.config [None req-701a7f1a-347e-487c-9eb0-4e46433f39d9 None None] rate_limit_except_level = CRITICAL {{(pid=73773) log_opt_values /opt/stack/data/venv/lib/python3.12/site-packages/oslo_config/cfg.py:2817}}
